. Let r be (l/8)/(1/(-4)). Suppose 5*b = r + 19. What is the units digit of b?
4
Let p(t) = t**3 - 6*t**2 - t + 8. Let g be p(6). Suppose -1 = -l + g. Suppose l*b + 0*b - 6 = 0. What is the units digit of b?
2
Let f(w) = -w**2. Let l(p) = 5*p**2 + 8*p + 7. Let o(z) = -6*f(z) - l(z). Let g be o(9). Suppose -g*v = -4*v - x - 3, -10 = 2*x. What is the units digit of v?
1
Suppose 2*i - i = -m + 8, -4*i + 11 = m. What is the units digit of m/28 + (-54)/(-8)?
7
Let i(w) = w + 10. Let n be i(-8). Suppose s + 3*c - 41 = -n*c, 0 = 2*s - 5*c - 37. What is the tens digit of s?
2
Let g = 30 + -15. What is the tens digit of g?
1
Suppose 3*p + 5*g = 128, -4*g + 28 = 2*p - 60. What is the units digit of p?
6
Suppose 2*i = -3*i. Suppose v - 6*v + h + 120 = 0, i = -v + 3*h + 10. What is the tens digit of v?
2
Suppose 3*g + w - 2*w - 16 = 0, 5*g - 4*w = 22. Suppose -i + g + 3 = 0. What is the units digit of i?
9
Suppose -5*h + 30 = 5*o, 2*h = 5*o + 6*h - 35. Let r = o - 6. What is the units digit of r?
5
Let b be (5 + -39)/(-1 - 1). Let h be 2*(1 + -1 + 2). Suppose n - 2 = -h*t - b, 2*n = -2*t. What is the units digit of n?
5
Let r(t) = t**2 + 16*t - 16. What is the units digit of r(-19)?
1
Let d(s) = 46*s + 2. Let o be d(1). Suppose 2*k - 4*k = -o. What is the units digit of k?
4
Let x(h) = -h**3 - 4*h**2 - 5*h - 4. Let y be x(-3). Suppose -4*a + 23 = 3*p, 1 = 3*p - 5*a - 31. Suppose -y - p = -g. What is the units digit of g?
1
Suppose -10 - 50 = -3*i. Let z = i + -9. What is the tens digit of z?
1
Let o(m) = -m**3 + 17*m**2 + 2*m - 25. What is the units digit of o(17)?
9
Suppose 6*o - 7*o = -4. Suppose -o*j = -18 - 18. What is the units digit of j?
9
Let f(t) = -5*t - 2. Let x be f(-3). Suppose -3*p + i + 31 = 0, 2*p + 2*i - 13 - x = 0. What is the units digit of p?
1
Let y(l) = l**3 + 7*l**2 + 2*l + 2. What is the units digit of y(-6)?
6
Suppose 0 = k + 3*z - 16, -4*k - k = z - 94. Suppose 0 = 2*h - 4, s + 0 - k = -4*h. What is the tens digit of s?
1
Let u(p) = -p - 3. Let t be u(-7). Suppose t*c + 13 = g, -2*g + 3*g + 4*c + 11 = 0. What is the units digit of g?
1
Suppose -6*y + y = -10. Suppose -y*d = v + v - 56, -d - 53 = -2*v. What is the tens digit of v?
2
Let r be (39/65)/(2/10). Let o be 6/1 + 3/(-3). Suppose o*c = 4*b + 2, 4*b + 5*c - r*c = 12. What is the units digit of b?
2
Suppose 3*r = -6 - 6, n - 5*r = 50. What is the tens digit of n?
3
Suppose 5*r + 25 = f, -2*f + 6 + 11 = r. Suppose j = 6 + f. Suppose d + 25 = 5*z - d, -j = -2*z + 2*d. What is the units digit of z?
3
Let b(z) = -z - 1. Let p be b(-1). Let o = 13 - p. What is the tens digit of o?
1
Let o(h) be the third derivative of 5*h**4/8 - h**2. Let c be o(1). Let j = c - 8. What is the units digit of j?
7
Suppose 2*u = -i + 8, -i - i + 6 = -u. Let f = u + 7. What is the units digit of f/(-6)*4/(-6)?
1
Suppose -545 = -5*c + 245. What is the hundreds digit of c?
1
Let h(o) = -o - 2. What is the units digit of h(-11)?
9
Let q = -185 - -337. What is the units digit of q?
2
Let o(h) = h**3 - 10*h**2 + 7*h. Let p be o(10). Suppose 5*s + 10 - p = 0. What is the tens digit of s?
1
Let o(h) = -11*h - 3. Let p(s) = -11*s - 3. Let j(x) = 6*o(x) - 5*p(x). What is the units digit of j(-2)?
9
Let j(u) = -3*u - 1. Let n be j(-1). Suppose f = n*g - 25, -4*g - 2*f + 25 = f. Suppose 2*i + g - 38 = 0. What is the units digit of i?
4
Let l(n) = -27*n**2 + n - 1. Let z be l(1). Suppose 0*g = 2*g - 4. What is the units digit of z/(-3) - (-3 + g)?
0
Let r = 110 - 65. What is the tens digit of r?
4
Let j(l) = l. Let a(q) = 4*q + 9. Let h(g) = a(g) - 2*j(g). What is the units digit of h(-4)?
1
Let c = 333 - 144. What is the hundreds digit of c?
1
Let r be 1/(-4) + 39/12. Suppose 3*z + x - 45 = -r*x, 4*z - 59 = -5*x. What is the units digit of z?
1
Let m be (14 - 2)/((-3)/20). What is the tens digit of (-7)/(28/m) - 2?
1
Let f = -127 + 248. Let z = f - 67. Suppose -5*u + x + 26 + z = 0, -2*u + 3*x = -19. What is the units digit of u?
7
Let n = 10 - -1. Suppose 2 = -3*p + n. Let f = p - -5. What is the units digit of f?
8
Suppose 0 = -7*m + 2*m. Let h = 14 + 41. Suppose 5*t - h = -m*t. What is the tens digit of t?
1
Let x(u) = -5*u**2 + 41*u - 31. Let y(v) = v**2 - 8*v + 6. Let p(n) = -2*x(n) - 11*y(n). What is the units digit of p(3)?
5
Let a = 2 - 2. Suppose a = x + 2 - 18. What is the units digit of x?
6
Let x(j) = 2*j**2 - 5*j - 3. Let k = 5 - 9. What is the units digit of x(k)?
9
Let y be (-1 + -4)*(6 + -5). Let j = 12 - y. What is the tens digit of j?
1
Let u(i) = i + 6. Let g be u(-6). Let z = 2 - g. Let a = z + 0. What is the units digit of a?
2
Let i(y) be the second derivative of y**4/6 - 7*y**3/6 + 3*y**2/2 + y. Let c be i(5). Suppose c = 2*a + 4*f, -2*a - f + 7 + 5 = 0. What is the units digit of a?
5
Suppose -k - 6*k = -189. What is the units digit of k?
7
Let x be -8*((-5)/(-2) - 1). Let c = x + 22. What is the units digit of c?
0
Suppose -3*m = m - 44. Let b(z) = z + 5. Let v be b(m). Suppose 2*o + 0*o - v = 0. What is the units digit of o?
8
Let i = 1299 + -892. What is the hundreds digit of i?
4
Suppose 0 = 3*v + 3*f - 6, 3*v - 18 = -2*v - f. Let i be (-1)/v - (-26)/8. Suppose 0 = i*b - 24 + 3. What is the units digit of b?
7
Suppose 60 = 5*r - 2*y, 3*r - 4*y - 11 - 25 = 0. Suppose 0 = -4*q + r + 36. What is the units digit of q?
2
Suppose 0 = -3*m - 2*u - 4, 2*u = -0*m - 4*m - 4. Suppose 3*r - 12 = m, 4*r - 96 = -3*f + r. What is the units digit of f?
8
Suppose -7 = 2*n - 153. What is the units digit of n?
3
Let c be 0/1 - (0 + -54). Suppose -c = 2*l - 18. What is the units digit of l/(-2) + -3 + 2?
8
Suppose -4*a - 52 = w - 196, -278 = -2*w + 2*a. What is the tens digit of w?
4
Let p = 122 + -18. Suppose -3*j = j - p. What is the units digit of j?
6
Suppose 3*q = 6*q. Suppose q = -v + 13 - 2. What is the units digit of v?
1
What is the tens digit of 1/(1/2 + 1176/(-2384))?
4
Suppose -17 = 10*y - 107. What is the units digit of y?
9
Let o(g) be the second derivative of g**5/20 - 5*g**4/6 + 11*g**3/6 + 2*g**2 + 2*g. Let m be o(9). Suppose -4*q - m = -6*q. What is the units digit of q?
1
Let r(c) = 34*c**2 + 1. Let o be r(2). Let q = -65 + o. Suppose -3*b + q = 24. What is the units digit of b?
6
Let h(r) = 9*r**2 - 5*r + 4. Let n(y) = 5*y**2 - 2*y + 2. Let b(f) = 3*h(f) - 5*n(f). What is the units digit of b(3)?
5
Suppose h = -5*g + 4*h + 1626, 5*g + h - 1638 = 0. What is the units digit of g?
7
Let r = 10 - -3. What is the tens digit of r?
1
Let g = 0 - 1. Let n(u) = 8*u**2 + u. What is the units digit of n(g)?
7
Let h(i) = 10*i**2 + i - 10*i**2 + 15*i**2 + 2*i**2. Suppose 4*m - 3*w + 24 = 2*w, -3*m = -2*w + 11. What is the units digit of h(m)?
6
Suppose -x + 2 + 12 = 0. Let a = 15 + -5. Let i = x - a. What is the units digit of i?
4
Suppose -b = 2*y - 641, -b + 942 = 3*y - 6*b. What is the units digit of y?
9
Suppose 3*w = 4 + 14. Let o = w - 3. Suppose -6*c + 6 = -o*c. What is the units digit of c?
2
Let r(b) = -b**2 + 4*b - 10. Let t be r(4). What is the tens digit of (32/t)/((-4)/40)?
3
Let f be (0*(-3)/9)/(-2). Suppose 0 = -f*h - h + 19. What is the tens digit of h?
1
Suppose 0 = -2*o + 7*o - 40. What is the units digit of o?
8
Let g be 80/(-36) + (-4)/(-18). What is the units digit of g + (-6)/((-3)/3)?
4
What is the tens digit of ((-101)/3)/((-2)/6)?
0
Suppose -5*w - 45 = 5*a, 0 = 5*w + 2*a - 0*a + 30. Let y = -2 - w. What is the units digit of y?
2
Let p = 26 - 21. Suppose p*l - 26 - 39 = 0. What is the tens digit of l?
1
Let b(g) be the first derivative of g**3/3 + g**2/2 - 1. Let k be 2/(-6)*(-3 - 0). What is the units digit of b(k)?
2
Let y = 4 - 2. Suppose -4*a + 3*n + 0*n + 152 = 0, a + y*n - 27 = 0. What is the units digit of a?
5
Let l be 2/(-7) - 86/(-7). Let f = l - 0. Suppose -6*m + 2*m - f = 2*p, -3*m = 4*p + 4. What is the units digit of p?
2
Suppose 5*y - 444 = -4*b, -2*y + 7*y + 2*b - 452 = 0. What is the units digit of y?
2
Let s(q) = -q**3 + 4*q**2 - q + 4. Let o be s(4). Suppose o*v + 28 = 2*t - 2*v, t + 10 = -5*v. What is the tens digit of t?
1
Suppose 3 = 5*w - 2. Let t be 5 - (-2 + 2)*-1. Suppose w - 11 = -t*u, 0 = 4*d - 2*u - 24. What is the units digit of d?
7
Suppose 4*w - 8*w = -240. What is the tens digit of w?
6
Let z = 95 + -45. What is the units digit of z?
